 17) + (1 - -5)?
18
Calculate 13 - (-3 + 10) - (24 + -5 + 4).
-17
Evaluate -11 + 14 + (-4 - -2) + -19.
-18
What is 16 + -23 - (-9 - (-4 + 5))?
3
(19 - 0 - (0 + 3 + 3)) + 2
15
(-4 - 7) + 13 - (10 + -2 + -2)
-4
What is (10 - (-2 - -2)) + -27?
-17
Evaluate -27 - 0 - -1 - -8.
-18
What is -7 + 3 + -3 + 2 - (-14 + 0)?
9
-6 + (13 - 3) + (37 - 46)
-5
Evaluate (-1 - 5) + (32 - ((5 - 5) + 5)).
21
Evaluate 13 - 1 - -8 - 13 - 0.
7
Calculate -11 + (10 - (-6 - -16)) - -1.
-10
Calculate 0 + -1 + 6 + (-886 - -870).
-11
(-26 - -61) + -9 + -9
17
(-13 - -7) + 14 + -8
0
What is 4 - 0 - (-40 + 51)?
-7
Evaluate (-25 - -35) + -1 + (12 - 0) + -3.
18
Evaluate 1670 + -1670 - (-34 - (-2 + 1)) - 11.
22
What is the value of -6 - (29 - -21 - 28)?
-28
Calculate (-8 + -1 + 9 - 0 - 2) + 35.
33
-18 - -13 - -10 - -6
11
-1 + (3 + -1 - 0 - 0)
1
What is -6 + 4 + (9 - 1) - 5 - 12?
-11
What is the value of 13 - -1 - (-9 - (23 - 6 - 34))?
6
Calculate 16 - (15 + -1 + -11 + -3).
16
Calculate (-4 - 17) + 7 - (3 - 5).
-12
3 - (-47 + 52 + (3 - (2 - 6)))
-9
-9 + (-4 - 0) + 7 + 0
-6
-16 + (-26 - (16 - 52))
-6
What is 1 - 3 - (34 + -20 + -7)?
-9
What is the value of 8 + -3 - (8 + (1 - 4) - 1)?
1
What is the value of -9 + 15 - ((-3 - -12) + 3) - -18?
12
What is the value of -1 - -15 - ((0 - -10) + (-23 - -15))?
12
Calculate -411 + 442 - (29 + 0).
2
7 - (-48 - -35) - (13 - -1)
6
Calculate (-4 - -12 - 14) + 6 + (0 - 2).
-2
Calculate (5 - 19) + (4 - (-5 - 16)).
11
(-4 + 2 + 1 - 11) + (42 - 2)
28
Calculate 0 + 17 + -33 - -15.
-1
Calculate 19 + -28 + 32 - -2.
25
(1 + -2 - 1) + 1 + -1 + -8
-10
-2 + 3 + -7 - (22 + -31 - 1)
4
Evaluate -6 - ((-13 + 2 - 3) + 4).
4
5 + (-1 + 0 - ((9 - -1) + -17))
11
What is -18 + 2 - (-3 + -14)?
1
Calculate 4 + 6 - -3 - 26.
-13
-790 - -779 - (-12 - (-2 - -1))
0
Calculate -5 - (-2 + 2) - (3 - 2).
-6
What is the value of (-7 - -11) + (13 - 4 - 5) + -7?
1
Calculate 2 + 1 - ((4 - (5 + -11)) + -3).
-4
7 - (30 + (1 - 13) - (-6 + 1))
-16
What is the value of -1 - (-6 + 17 - 6)?
-6
6 + (9 - 22) - 5
-12
What is -23 - (-10 + 22 + -3 + -6)?
-26
What is the value of 7 + 8 + -11 + 5?
9
What is the value of 18 + (6 - 9 - -7 - 13)?
9
0 - (-3 + -1) - (-12 + 0 + 21)
-5
What is 27 - (0 + 4 - (81 - 87))?
17
What is the value of -20 + (8 - (-50 - -13))?
25
26 + -16 + 13 + (-3 + -4 - -3)
19
Calculate (7 - -1) + 37 + -29 - 6.
10
Calculate (-34 - -3) + -7 + 6 + -14 + 15.
-31
What is 6 + (1 + -2 + -3 + -10 - 0)?
-8
Calculate -14 + (-14 - -18) - -1.
-9
What is 1907 - 1900 - (0 - (4 - 0) - 0)?
11
What is (4 + 8 - 13) + 13?
12
What is the value of (-13 - (-11 + 6)) + 10 + 7?
9
26 - 20 - (-22 - (-6 - 6))
16
Evaluate (-152 - -150) + (6 - (2 + -1)) + -1.
2
What is -19 + (36 - 5) + (-37 - -4)?
-21
Calculate -12 + 0 + 6 + -9 + -4 + 46.
27
Evaluate 14 + -7 + -3 + -1 + 6 - -4.
13
What is 36 + 22 + -46 + (-23 - 1)?
-12
What is the value of 0 + 6 + (13 - 8 - 6) - -9?
14
What is 6 + -26 - (-35 + 16)?
-1
What is 16 - (-7 - -26) - (1 + 2 - -9)?
-15
61 + -51 + -18 + 3
-5
Calculate -1 - -14 - 4 - (8 - -10).
-9
What is the value of (4 - -3 - 4) + -9?
-6
What is (-5 - 2 - -12) + (-2 - (10 - -9))?
-16
What is -19 - (5 + -10) - (-50 + 4)?
32
Evaluate -10 + (5 - 17) + 2 - -8.
-12
(10 - (1 - -10 - -4)) + (21 - 0)
16
Evaluate -6 - (0 - (-6 - -7 - 7)).
-12
Evaluate (-18 + 25 + 18 - 10) + -17.
-2
(-11 - (16 + 11 + -1)) + 1 + 1
-35
Evaluate (-27 + 19 - -31) + -51.
-28
What is the value of (-23 + 31 - 9) + -2 + 21?
18
What is 4 + (1 - -4 - ((25 - 1) + 9))?
-24
3 + 3 - (-23 - -39) - -5
-5
Evaluate 1 + 1 - (8 + (11 - 8 - 13)).
4
0 + 24 + (-28 - 62) + 89
23
What is the value of 3 - (-5 + 2) - (43 + -42) - -3?
8
Calculate -49 + 10 + 46 + 26.
33
-40 - -49 - (3 + 0)
6
What is -11 - (-13 + 7) - (0 + (-2 - -7))?
-10
What is the value of (4 + -8 - (-2 + -2)) + (10 - 1)?
9
Evaluate 10 - ((-7 - -1) + 14 + -35 + 30).
7
Evaluate -7 + (16 - 8) + -9.
-8
What is -3 + 6 + (2 - (2 - 1))?
4
Calculate 12 - (-6 + 6) - 2 - (-6 + 3).
13
What is the value of -1 + (-38 - -22) + 5?
-12
Evaluate (-59 - -29) + 36 - (-13 - 2).
21
14 - ((6 - -5 - -8) + -5)
0
Calculate -6 - (-14 + -6) - 14.
0
Calculate -2 + -1 + 22 - (4 - -3) - 1.
11
What is 3 + -5 - -19 - (-18 - (-19 - 0))?
16
Evaluate -5 - (3 + (-31 - -15)).
8
What is (2132 - 2140) + (-9 - (-1 - 1 - -2))?
-17
8 + (-5 - (4 - 14)) + 0
13
Calculate (21 - (9 + 3)) + -4 + 4.
9
Evaluate -3 - (40 - 13 - 13).
-17
What is the value of (-1 - -15) + (0 + -12 + 8 - 2)?
8
What is the value of (-3 - -1) + 2 - (32 + 22 + -44)?
-10
What is -5 - -15 - 6 - (-3 - (-6 + -15))?
-14
Calculate 10 + -13 + 15 + 1 + -3.
10
What is the value of 2 + (-7 - (-4 + 3)) + -1 + 5?
0
Calculate 1 + -4 + (-5 - (-15 - (2 + -7))).
2
What is the value of (-5 - 4) + (10 - 12)?
-11
What is the value of -3 - -21 - -5 - ((7 - 3) + 2)?
17
What is the value of 3 + (-5 - (-1 - -7)) + (-20 - -13)?
-15
Calculate -3 + 1 + 6 + 4 + -17 + 19.
10
What is (0 + -2 - (9 + -13)) + 0?
2
Evaluate 4 + (-2 - -12 - -2 - 44).
-28
20 + -7 + -6 + -3 + -2 + -9
-7
Evaluate -8 + (-9 + 7 + 6 - (-2 + -5)).
3
Evaluate (-7 - -15) + -5 - (1 + 3).
-1
What is (-1 - -53 - -8) + -29?
31
What is -3 + 9 + 12 + -6 + -7?
5
Calculate -11 - (-21 + 10 + 1) - -5.
4
What is the value of -339 + 338 + (0 - 2 - 5)?
-8
What is the value of (-14 - -5) + -5 + -15 + 6 + -2?
-25
Calculate -71 + (43 - -4) - (2 + -10 - -2).
-18
What is the value of 22 + (-16 - -14) + -17?
3
What is the value of 8 + 0 - (3 + 11)?
-6
Evaluate (-4 - -9) + 11 - 13 - 7.
-4
Evaluate -3 + 15 + -12 - (-12 - -2) - 5.
5
Calculate (-4 - -3) + -22 + 35.
12
What is 55 + (-29 - -7) - (8 + 1)?
24
What is -20 + 10 + -3 + 18?
5
Evaluate (-113 - -119) + (21 - 1).
26
What is 14 + (4 - 23) - -8?
3
(48 - 35 - -14) + 8
35
Evaluate (-39 - -4) + (10 + 17 - 14).
-22
What is -12 - (1 + 1 + -19 - -7)?
-2
Calculate -6 + (6 - 16 - -15).
-1
What is the value of 0 - (3 - (43 - 27) - (0 - 4))?
9
Calculate 0 - (4 - (7 - 8) - 9).
4
What is 7 + (10 + -14 - -4)?
7
Calculate -1 + (3 - (0 + 6 + 8 + -5)).
-7
What is the value of 4 + (-96 - -102 - (-1 + 11))?
0
Evaluate (-24 - -59) + -2 + -9 + -1 - 2.
21
Evaluate (-23 - -40) + (-20 - 0).
-3
Evaluate (-68 - -57) + -3 - (0 - -1).
-15
What is -14 - (17 + -4 + -46 + 10)?
9
-255 + 264 - (-4 - -45)
-32
-3 + 20 + 6 + -9 + 2 - 8
8
Evaluate (-28 - -2) + -73 + 95.
-4
What is the value of (-4 - (7 + -3)) + 5 + -9 + 10?
-2
-404 + 425 + -3 + 2 + -5
15
Calculate -13 + 15 - ((1 - -4 - -1) + 0).
-4
Calculate 10 + -1 - ((-4 - 20) + 19).
14
What is (-1 - 0 - (18 - (19 - 3))) + 7?
4
What is the value of 11 + 17 + -32 + -11 + 0?
-15
38 + -36 + (2 - 20 - 1)
-17
What is the value of (9 - 22 - -19) + (-37 - -1) + 11?
-19
Evaluate -29 - (11 + -30) - 2.
-12
What is the value of -32 + 4 + (6 - 9) + 8?
-23
What is -5 - (-6 + 13 + -2 + 3 - 18)?
5
(-12 - (-105 + 83)) + 10 + 1
21
What is -12 + (1 - -39) + (70 - 82)?
16
-1 + 0 + -1 + (-20 - (-29 - 8))
15
Evaluate -2 - -7 - (21 - (10 + -5)).
-11
18 + (-30 - -11) + -2 + -11
-14
What is the value of (6 + -16 - 4) + (0 - -3) - -6?
-5
What is the value of -39 + (-4 - 3 - -28)?
-18
-33 - (16 + -6 + 4 + -13)
-34
34 - 35 - (4 + 1)
-6
Evaluate -6 + (-24 - -13 - -17).
0
Evaluate -3 + 0 + -1 + (-47 - (-30 - 9)).
-12
Evaluate -8 + (-2 - 0) - (3 - 3 - 0).
-10
Calculate (-5 - -5) + 1 + 4.
5
Evaluate 0 + (4 + -6 - 30) + 18.
-14
What is -22 + (-18 - -34) + 19?
13
Evaluate (119 + -110 - (9 - 0)) + 4 + -24.
-20
What is (8 + -5 - (4 - 1)) + (21 - 24)?
-3
-55 - (-16 + 21 + -39)
-21
-26 + (-25 + 7 - -35) + (1 - -6)
-2
What is -1 - (3 + -3 - -18 - 8)?
-11
Calculate (-154 - -172) + 15 + (-7 - -9).
35
Calculate (-8 - -3) + (0 - -10) + 9.
14
1 - (5 - (-9 - 7))
-20
Evaluate -8 + (28 - (60 + -32)) + 2 + 0.
-6
What is -38 + (-55 - -9 - -86)?
2
-5 - ((14 - 8) + -1)
-10
Calculate -6 - (0 + 1) - (-16 + 4 - -4).
1
Calculate 21 + -17 + (46 - 36).
14
5 - -1 - 3 - (20 + (-24 - -10))
-3
Evaluate 8 + -11 + -21 - (3 + -10).
-17
Evaluate (-1 - -5 - 6) + -6 + (-8 - -22).
6
11 + 2 + -8 - -2
7
Evaluate -6 + -8 + 23 + -18.
-9
-27 - (2 - -2 - 7 - (-10 - -6))
-28
What is the value of 4 - (-5 - (7 + -14))?
2
-2 - ((1 - 4) + (-7 - (-3 + 3)))
8
What is the value of (13 + -10 - 13) + 1 + -9?
-18
What is the value of -27 - -18 - (8 - 6)?
-11
Calculate (2 - 0) + -8 - (76 + -89).
7
What is -20 + 22 - (5 - (10 + -2) - 1)?
6
(-1